 228.
14
What is the remainder when 14642 is divided by 41?
5
What is the remainder when 963509 is divided by 10?
9
What is the remainder when 26238 is divided by 20?
18
Calculate the remainder when 566770 is divided by 47.
44
Calculate the remainder when 1164 is divided by 66.
42
What is the remainder when 742654 is divided by 710?
704
Calculate the remainder when 242 is divided by 73.
23
What is the remainder when 29031 is divided by 744?
15
What is the remainder when 4663 is divided by 165?
43
Calculate the remainder when 767 is divided by 107.
18
What is the remainder when 1357 is divided by 652?
53
What is the remainder when 1187 is divided by 288?
35
Calculate the remainder when 3057 is divided by 26.
15
Calculate the remainder when 10196 is divided by 1139.
1084
Calculate the remainder when 1518 is divided by 95.
93
Calculate the remainder when 3106 is divided by 11.
4
What is the remainder when 5177 is divided by 91?
81
What is the remainder when 805373 is divided by 6?
5
What is the remainder when 2239 is divided by 15?
4
What is the remainder when 6365 is divided by 87?
14
Calculate the remainder when 1331 is divided by 129.
41
Calculate the remainder when 86805 is divided by 28925.
30
What is the remainder when 1005210 is divided by 913?
910
Calculate the remainder when 5031 is divided by 2464.
103
Calculate the remainder when 1721 is divided by 16.
9
What is the remainder when 68257 is divided by 961?
26
What is the remainder when 1467311 is divided by 405?
401
What is the remainder when 11151 is divided by 1013?
8
What is the remainder when 49470 is divided by 137?
13
What is the remainder when 54253 is divided by 16?
13
What is the remainder when 56259 is divided by 104?
99
Calculate the remainder when 49443 is divided by 1079.
888
Calculate the remainder when 73877 is divided by 626.
9
Calculate the remainder when 399019 is divided by 298.
295
What is the remainder when 45080 is divided by 5008?
8
What is the remainder when 10934 is divided by 5450?
34
Calculate the remainder when 584 is divided by 89.
50
What is the remainder when 22133 is divided by 28?
13
Calculate the remainder when 6406 is divided by 582.
4
What is the remainder when 957 is divided by 869?
88
Calculate the remainder when 32463 is divided by 275.
13
What is the remainder when 1470 is divided by 656?
158
What is the remainder when 7004 is divided by 419?
300
Calculate the remainder when 146040 is divided by 48678.
6
Calculate the remainder when 70025 is divided by 35010.
5
What is the remainder when 2428107 is divided by 7?
3
Calculate the remainder when 4852 is divided by 232.
212
Calculate the remainder when 68597 is divided by 140.
137
What is the remainder when 3354 is divided by 88?
10
Calculate the remainder when 186846 is divided by 192.
30
Calculate the remainder when 5712 is divided by 405.
42
What is the remainder when 245230 is divided by 131?
129
What is the remainder when 361774 is divided by 8222?
6
Calculate the remainder when 16806 is divided by 1301.
1194
Calculate the remainder when 979 is divided by 94.
39
What is the remainder when 9760 is divided by 217?
212
What is the remainder when 14301 is divided by 293?
237
What is the remainder when 49812 is divided by 15?
12
What is the remainder when 55368 is divided by 2310?
2238
What is the remainder when 120734 is divided by 20122?
2
Calculate the remainder when 68465 is divided by 237.
209
Calculate the remainder when 19170 is divided by 223.
215
Calculate the remainder when 8940 is divided by 42.
36
Calculate the remainder when 2314 is divided by 531.
190
Calculate the remainder when 3074 is divided by 710.
234
What is the remainder when 3780 is divided by 472?
4
What is the remainder when 1193 is divided by 141?
65
Calculate the remainder when 23027 is divided by 200.
27
What is the remainder when 170952 is divided by 67?
35
Calculate the remainder when 10778 is divided by 183.
164
What is the remainder when 1377 is divided by 673?
31
What is the remainder when 2854 is divided by 90?
64
Calculate the remainder when 81218 is divided by 31.
29
What is the remainder when 29122 is divided by 74?
40
What is the remainder when 22056 is divided by 31?
15
Calculate the remainder when 9506 is divided by 36.
2
What is the remainder when 3921 is divided by 56?
1
What is the remainder when 9652 is divided by 2384?
116
Calculate the remainder when 48039 is divided by 102.
99
Calculate the remainder when 260435 is divided by 64.
19
What is the remainder when 3545 is divided by 173?
85
What is the remainder when 2123494 is divided by 67?
63
Calculate the remainder when 11629 is divided by 79.
16
What is the remainder when 4749 is divided by 1029?
633
What is the remainder when 53139 is divided by 52952?
187
What is the remainder when 11447 is divided by 53?
52
What is the remainder when 26080 is divided by 69?
67
What is the remainder when 2584 is divided by 1304?
1280
Calculate the remainder when 6099 is divided by 74.
31
What is the remainder when 4831 is divided by 151?
150
What is the remainder when 166084 is divided by 719?
714
What is the remainder when 14710 is divided by 157?
109
Calculate the remainder when 9671 is divided by 65.
51
What is the remainder when 3761 is divided by 245?
86
Calculate the remainder when 2831 is divided by 176.
15
Calculate the remainder when 153213 is divided by 36.
33
What is the remainder when 113891 is divided by 312?
11
Calculate the remainder when 103294 is divided by 135.
19
Calculate the remainder when 145 is divided by 37.
34
What is the remainder when 7056 is divided by 101?
87
What is the remainder when 73418 is divided by 9177?
2
What is the remainder when 542343 is divided by 7?
4
Calculate the remainder when 1407 is divided by 26.
3
What is the remainder when 13871805 is divided by 96?
93
Calculate the remainder when 189317 is divided by 51.
5
What is the remainder when 1139 is divided by 165?
149
What is the remainder when 37946 is divided by 1581?
2
What is the remainder when 2429 is divided by 219?
20
Calculate the remainder when 11587 is divided by 483.
478
What is the remainder when 6892 is divided by 983?
11
What is the remainder when 583 is divided by 70?
23
Calculate the remainder when 296476 is divided by 98796.
88
Calculate the remainder when 512964 is divided by 9.
0
What is the remainder when 2664 is divided by 639?
108
What is the remainder when 311695 is divided by 69?
22
What is the remainder when 4841 is divided by 18?
17
What is the remainder when 398240 is divided by 11?
7
Calculate the remainder when 2934 is divided by 26.
22
What is the remainder when 11800 is divided by 1144?
360
Calculate the remainder when 651 is divided by 131.
127
What is the remainder when 630377 is divided by 126075?
2
What is the remainder when 1472563 is divided by 139?
136
Calculate the remainder when 65020 is divided by 17.
12
What is the remainder when 31527 is divided by 159?
45
Calculate the remainder when 696 is divided by 76.
12
What is the remainder when 7839 is divided by 253?
249
Calculate the remainder when 5405 is divided by 5256.
149
Calculate the remainder when 72397 is divided by 220.
17
Calculate the remainder when 6805 is divided by 459.
379
What is the remainder when 5017 is divided by 813?
139
Calculate the remainder when 46171 is divided by 248.
43
Calculate the remainder when 126225 is divided by 804.
801
What is the remainder when 1741 is divided by 410?
101
What is the remainder when 9826 is divided by 63?
61
What is the remainder when 2799 is divided by 2777?
22
What is the remainder when 166880 is divided by 20860?
0
Calculate the remainder when 545 is divided by 282.
263
What is the remainder when 15330 is divided by 13?
3
What is the remainder when 22687 is divided by 475?
362
Calculate the remainder when 44563 is divided by 5546.
195
Calculate the remainder when 2710 is divided by 129.
1
Calculate the remainder when 9874 is divided by 380.
374
What is the remainder when 2549 is divided by 83?
59
Calculate the remainder when 54821 is divided by 178.
175
Calculate the remainder when 10730 is divided by 276.
242
Calculate the remainder when 4211412 is divided by 15.
12
Calculate the remainder when 7749 is divided by 2573.
30
Calcul